80/50)/29 - 6/10)?
4
Suppose -112*a + 49*a = 122*a - 938505. What is the thousands digit of a?
5
Let u be 8*2*4/8. Suppose u*t + 1789 = 221. Let x = -28 - t. What is the units digit of x?
8
Let u = -860 - 36. Let i = -63 - u. What is the units digit of i?
3
Let k = -2649 + 4799. Suppose 0 = -7*o - 470 + k. What is the tens digit of o?
4
Suppose 4*t - 32*b + 33*b - 34829 = 0, -3*b + 43545 = 5*t. What is the thousands digit of t?
8
Suppose -o + 11652 = -3*r, -315*r - 23283 = -2*o - 316*r. What is the ten thousands digit of o?
1
Suppose 3*y + w = 209, 4*w + 1 = -y + 56. What is the tens digit of -1 + y/1 + (16 - 19)?
6
Suppose 21*s = 11*n + 25*s - 633407, -4*n - 3*s + 230319 = 0. What is the hundreds digit of n?
5
Suppose 0 = -16*h - 651 - 885. Let q(s) = -9*s - 19. Let g be q(13). Let z = h - g. What is the units digit of z?
0
Suppose 9*z - 377022 = -4*m, 21*z = 18*z + 2*m + 125664. What is the units digit of z?
0
Let p(s) = s**2 - 4*s + 5. Suppose -3*r - 194 + 23 = 0. Let f = r + 60. What is the units digit of p(f)?
2
Let s = -2 + -1. Let k = 21 - s. Suppose y = k + 4. What is the tens digit of y?
2
Suppose -3*x - 3*k + 2247 = -5*x, k = -5*x - 5592. Let d = 1606 + x. What is the hundreds digit of d?
4
Let u be ((12/(-9))/4)/(1/(-231)). Let r = -19 + u. What is the units digit of r?
8
Suppose 110*n - 114*n = -30316. What is the tens digit of n?
7
Let c = -256 - -2034. What is the hundreds digit of c?
7
Let r = 611 - -1043. Let f = r + 958. Suppose -580 = -12*y + f. What is the tens digit of y?
6
Suppose -5 = -j - 3*i + 9, -3*j + 30 = 5*i. Suppose j*w = 15, -3*w + 20 = 4*o - 2077. What is the units digit of o?
2
Let h = 188 - 185. Suppose 0 = h*y + 28 - 34, 2*t = y + 1538. What is the units digit of t?
0
Suppose 4*w - 37793 = 59*l - 64*l, -22689 = -3*l + 2*w. What is the units digit of l?
1
Let f = -469 + 279. Let g = -20 - f. What is the hundreds digit of g?
1
What is the hundreds digit of (-289960)/(-30) - (-1)/(-3)?
6
Let r = -24393 - -34174. What is the thousands digit of r?
9
Let w = 11786 + 2351. Suppose -w = -17*h - 3614. What is the hundreds digit of h?
6
Suppose 14*l = 3*l + 2552. Suppose -l = -8*i + 264. What is the tens digit of i?
6
Let d(n) = -20*n + 92. What is the units digit of d(-27)?
2
Let o = -49 + 14. Let z = o + 36. Suppose n - z = 10. What is the units digit of n?
1
Suppose -4*p + 185 - 121 = 0. What is the units digit of ((-2254)/(-4))/(8/p)?
7
Suppose -379*w + 112 = -371*w. Let n(q) = -7*q + 28. Let o(f) = 1. Let s(t) = -n(t) - 2*o(t). What is the units digit of s(w)?
8
Suppose -3 = -4*t + 1. Let q(n) = 3*n**3 - 73*n**2 - 48*n - 46. Let w be q(25). What is the tens digit of (w - (t + -38))*(0 + 1)?
4
Let k = 166 - 109. Suppose -5*h = -217 + k. Suppose b = -3*w + h + 160, 0 = -4*w + b + 256. What is the tens digit of w?
6
Suppose 2*n = -3*k - 15, 3*n = 4*k - 3*k + 5. Suppose n = -2*g + 2*j + 246, 3*g - 254 = g - 2*j. Let l = g - 37. What is the units digit of l?
8
Suppose 3*s + 10284 = 6*s. Let n be 6/((-216)/s) - (-4)/18. Let y = n + 166. What is the tens digit of y?
7
Let w(m) = 945*m**2 - 60*m + 81. Let u(f) = -270*f**2 + 17*f - 23. Let d(o) = -18*u(o) - 5*w(o). What is the tens digit of d(3)?
0
Suppose -4*q + 622 = -2*u, 3*q = -2*q - 5*u + 785. Suppose d = -3*d + q. Let b = 6 + d. What is the tens digit of b?
4
Suppose h = -4*y - 5, -y = -4*h + y - 2. Let b(l) = 157*l - 26. Let f(p) = 40*p - 7. Let z(o) = -6*b(o) + 22*f(o). What is the tens digit of z(h)?
6
Let v = -128 + 188. Let l = -14 + v. Let u = l + 49. What is the units digit of u?
5
Let h be (-3 + (-81)/(-18))*64/3. What is the units digit of -2 + h/14 - 212880/(-210)?
4
Let n = -645 - -1376. Suppose 256 = 733*p - n*p. What is the hundreds digit of p?
1
Let a(n) = -3*n**3 - 5*n**2 + 5*n + 8. Let r be a(-6). Suppose 0 = 6*t - 3*t - 12. Suppose t*k = -3*p + r, -3*p + 119 = k - 6*p. What is the units digit of k?
3
Suppose -194964 = -115*p + 108*p. Suppose 0 = 24*w + 9*w - p. What is the hundreds digit of w?
8
Suppose -j = -4*q + 35, 0 = -4*j + 2*q - 233 + 23. What is the hundreds digit of j + 51 - -58*3?
1
Suppose 5*y - 315007 = -6*l, -25*l - 3*y - 262513 = -30*l. What is the hundreds digit of l?
5
Let o(c) = -c**2 + 9*c - 29. Let w be o(8). Let x(d) = d**2 + d + 26. What is the units digit of x(w)?
6
Let h = -76 + 112. Let o = -32 + h. Suppose o*j - 362 = q, -5*j = -q - q - 454. What is the units digit of j?
0
Let c(w) = 5*w - 30. Let m be c(6). Suppose -x - a + m*a - 2 = 0, -5*a - 24 = -2*x. What is the tens digit of (x - 2) + 141/1?
4
Let b(j) = 283*j**2 + 106*j + 814. What is the ten thousands digit of b(-7)?
1
Let c(i) = -5*i**3 - 8*i - 12. Let k(p) = -4*p + 12. Let x be k(4). What is the units digit of c(x)?
0
Let u be (-306 + -18)*(0 - -3). Let m = 1537 + u. What is the tens digit of m?
6
Let s(v) = 3*v - 4. Let m be s(2). Suppose 0 = -m*h - 21*h + 8832. What is the tens digit of h?
8
Let v(d) = -13*d - 143. Let i be v(-12). What is the units digit of 3 - (-331)/((13/4)/i)?
7
Suppose -25 - 6 = -3*p + 4*g, 0 = p + 2*g - 27. Suppose 5*k + 7 = p. Suppose -k*c + 157 = -81. What is the tens digit of c?
1
Let v = -20 - -21. Let f be 6 + -6 - v*-3. Suppose -a + 22 = f*u, -2*u + 4*a + a + 9 = 0. What is the units digit of u?
7
Suppose 240*d - 4*t = 237*d + 27473, -3*d = 5*t - 27401. What is the units digit of d?
7
Suppose 0 = 3*k - 4*k - 13. Let t be (-4 - k/2)*2. Suppose 5*a = 2*p + 391, a + t*p = 65 - 3. What is the tens digit of a?
7
Let u(i) = 30705*i + 32. What is the thousands digit of u(1)?
0
Let u(r) = 2782*r**3 + 205*r**2 - 614*r - 1. What is the ten thousands digit of u(3)?
7
Suppose -3*d - 35 = -4*x - 4*d, -4*x + 23 = -3*d. Suppose -8 = x*b - 12*b. Suppose -5*j + b*m = -1134, 2*m = -4*j + 7*m + 897. What is the tens digit of j?
2
Let y = -13293 - -20229. What is the thousands digit of y?
6
Suppose -167*y + 40*y + 2734564 = 0. What is the hundreds digit of y?
5
Let n be 6*-1 + (-9)/(27/(-12)). Let h be (70/(-30))/(-1 - n/3). Suppose h*i + 591 = 10*i. What is the hundreds digit of i?
1
Let r(k) be the third derivative of k**5/4 + k**4/8 + 17*k**3/3 + 2*k**2 + 102*k. What is the hundreds digit of r(6)?
5
Suppose 5*t - 89 = -0*t - y, 3*y - 51 = -3*t. Suppose 0*i + 6*i + t = 0. What is the units digit of ((-7 - 4) + -1)*16/i?
4
What is the units digit of (-1)/((-22)/179810) - ((-96)/(-66))/8?
3
Suppose w - 17 = p - 2*w, 3*p = 2*w - 44. Let x = 4 - p. Suppose -2 + x = 4*i. What is the units digit of i?
4
Let a(l) = -l**2 + 22*l + 28. Let c be a(23). What is the hundreds digit of (-21 + -4)/c + 805?
8
Suppose -9*d = 38*d - 4*d - 2425071. What is the units digit of d?
7
Suppose 870 + 1080 = 15*s. Suppose 131*v - 139 = s*v. What is the hundreds digit of v?
1
Suppose -31*t = -96*t + 175760. What is the units digit of t?
4
Suppose -k = -2*a - 13398, 2*k + 15*a - 18*a = 26798. What is the ten thousands digit of k?
1
Let m(h) = -3*h**2 - 4*h - 9. Let j be m(8). Let l = 435 + j. What is the hundreds digit of l?
2
Let v = 10465 - 6379. What is the units digit of v?
6
Suppose -3*m + 5*a + 2 = 0, 1 = m - a - 1. Suppose m*u - 1224 = 16*u. Let k = u + 250. What is the units digit of k?
8
Let j = 21921 - 4481. What is the tens digit of j?
4
Let o(r) = r**2 + 23*r - 5. Let l be o(-23). Let z be 2*(14/l)/((-16)/20). Suppose -20*a + z*a = -234. What is the units digit of a?
8
What is the hundreds digit of 32/112*(-5)/(20/(-102032))?
2
Let x be ((-32)/(-10))/((-4)/80). Let z = -144 - x. Let t = z - -122. What is the tens digit of t?
4
Let t(m) = -223*m**3 + 3*m**2 + 5*m + 9. What is the thousands digit of t(-2)?
1
Let g(b) = -b**3 - 19*b**2 - 34*b + 130. What is the units digit of g(-29)?
6
Suppose 518 = -3*z - 394. Let b = -52 - z. What is the units digit of b?
2
Let t(r) = -15*r + 8 - 58*r**2 + 0*r**3 - r**3 + 17*r**2 + 25*r**2. Let d be t(-15). Let l(c) = 12*c + 4. What is the hundreds digit of l(d)?
1
Let h be (-2)/6*-141*1. Let a = h + -47. Suppose a = 11*g - 5*g - 960. What is the hundreds digit of g?
1
Let z(n) = 76*n**2 + 169*n - 2493. What is the thousands digit of z(15)?
7
Let z(q) = 0*q**3 - 4 + 3 - q**3 - 2 + 51*q + 15*q**2. What is the hundreds digit of z(16)?
5
Suppose -7 = -3*f - 1. Let m(y) = -y**3 + 8*y**2 - 2*y + 10. Let h be m(7). Suppose 4*z = 3*b + 47, 